{"id":158679,"date":"2026-03-06T16:40:47","date_gmt":"2026-03-06T19:40:47","guid":{"rendered":"https:\/\/malalivrodeartista.com\/?post_type=product&#038;p=158679"},"modified":"2026-03-31T15:32:25","modified_gmt":"2026-03-31T18:32:25","slug":"catalogo-mala-2025","status":"publish","type":"product","link":"https:\/\/malalivrodeartista.com\/fr\/produit\/catalogo-mala-2025\/","title":{"rendered":"Cat\u00e1logo Mala 2025"},"content":{"rendered":"","protected":false},"excerpt":{"rendered":"<h3>ENTREGA VAI SER COMBINADA POIS PRODUTO FICAR\u00c1 PRONTO APENAS EM JUNHO<\/h3>\n<p>Todos os anos, a M.A.L.A. produz um cat\u00e1logo \u00fanico que re\u00fane e documenta os principais momentos da resid\u00eancia art\u00edstica. A edi\u00e7\u00e3o de 2025 percorre diferentes etapas do programa, com registros da semana de imers\u00e3o presencial, da participa\u00e7\u00e3o na Feira do Livro do Pacaembu e das exposi\u00e7\u00f5es realizadas em Paris, na Galerie Enseigne des Oudin e na M\u00e9diath\u00e8que Marguerite Duras, al\u00e9m das visitas a importantes acervos de livros de artista. No Brasil, o cat\u00e1logo tamb\u00e9m apresenta a exposi\u00e7\u00e3o realizada na Biblioteca M\u00e1rio de Andrade, entre muitos outros acontecimentos ao longo do ano.<\/p>\n<p>Com produ\u00e7\u00e3o cuidadosa e acabamento de alta qualidade, cada exemplar \u00e9 costurado \u00e0 m\u00e3o, refor\u00e7ando o car\u00e1ter artesanal da publica\u00e7\u00e3o. O projeto gr\u00e1fico desta edi\u00e7\u00e3o foi desenvolvido pelo artista visual e designer Claudio Rocha, resultando em um cat\u00e1logo que tamb\u00e9m se destaca como objeto editorial.<\/p>","protected":false},"featured_media":158683,"template":"","meta":[],"product_brand":[],"product_cat":[159],"product_tag":[],"class_list":{"0":"post-158679","1":"product","2":"type-product","3":"status-publish","4":"has-post-thumbnail","6":"product_cat-catalogo-2025","8":"first","9":"instock","10":"virtual","11":"purchasable","12":"product-type-simple"},"_links":{"self":[{"href":"https:\/\/malalivrodeartista.com\/fr\/wp-json\/wp\/v2\/product\/158679","targetHints":{"allow":["GET"]}}],"collection":[{"href":"https:\/\/malalivrodeartista.com\/fr\/wp-json\/wp\/v2\/product"}],"about":[{"href":"https:\/\/malalivrodeartista.com\/fr\/wp-json\/wp\/v2\/types\/product"}],"wp:featuredmedia":[{"embeddable":true,"href":"https:\/\/malalivrodeartista.com\/fr\/wp-json\/wp\/v2\/media\/158683"}],"wp:attachment":[{"href":"https:\/\/malalivrodeartista.com\/fr\/wp-json\/wp\/v2\/media?parent=158679"}],"wp:term":[{"taxonomy":"product_brand","embeddable":true,"href":"https:\/\/malalivrodeartista.com\/fr\/wp-json\/wp\/v2\/product_brand?post=158679"},{"taxonomy":"product_cat","embeddable":true,"href":"https:\/\/malalivrodeartista.com\/fr\/wp-json\/wp\/v2\/product_cat?post=158679"},{"taxonomy":"product_tag","embeddable":true,"href":"https:\/\/malalivrodeartista.com\/fr\/wp-json\/wp\/v2\/product_tag?post=158679"}],"curies":[{"name":"wp","href":"https:\/\/api.w.org\/{rel}","templated":true}]}}

Catálogo Mala 2025

<h3>ENTREGA VAI SER COMBINADA POIS PRODUTO FICARÁ PRONTO APENAS EM JUNHO</h3>
<p>Todos os anos, a M.A.L.A. produz um catálogo único que reúne e documenta os principais momentos da residência artística. A edição de 2025 percorre diferentes etapas do programa, com registros da semana de imersão presencial, da participação na Feira do Livro do Pacaembu e das exposições realizadas em Paris, na Galerie Enseigne des Oudin e na Médiathèque Marguerite Duras, além das visitas a importantes acervos de livros de artista. No Brasil, o catálogo também apresenta a exposição realizada na Biblioteca Mário de Andrade, entre muitos outros acontecimentos ao longo do ano.</p>
<p>Com produção cuidadosa e acabamento de alta qualidade, cada exemplar é costurado à mão, reforçando o caráter artesanal da publicação. O projeto gráfico desta edição foi desenvolvido pelo artista visual e designer Claudio Rocha, resultando em um catálogo que também se destaca como objeto editorial.</p>
